r(o) = o**3 + 12*o**2 - 14*o - 1. Let h be (-76)/6 + (-10)/30. Let i be r(h). Calculate the greatest common factor of g and i.
12
Let t(n) = -n + 10. Let l be t(5). Suppose -3*z = -l*z + 8. Suppose 7*r = r + 24. What is the highest common divisor of z and r?
4
Let y be 126/10 + 51/(-85). What is the highest common divisor of y and 300?
12
Suppose 0 = 4*f - 6*f + 160. Let m be (128/f)/(1/15). Calculate the greatest common factor of m and 120.
24
Suppose -11*b + 40*b = 290. Calculate the highest common factor of 8 and b.
2
Suppose 3*i + 3*b - 5 = 2*b, 0 = -3*i - 5*b + 25. Let w be 1 + i/(-3) - -14. What is the greatest common divisor of 165 and w?
15
Suppose 0*z + 206 = y - z, 0 = 3*y - 2*z - 613. What is the greatest common factor of y and 67?
67
Let g = 67 - 28. Let k = -30 + g. What is the greatest common factor of 1 and k?
1
Suppose 0 = 61*c - 180 - 1040. What is the highest common divisor of c and 70?
10
Let p(k) = k**3 + 6*k**2 - 2. Let y be p(-4). Suppose 5*t + 5*f = -y, 0 = 4*f - 0 + 12. Let i = t + 10. What is the highest common factor of 77 and i?
7
Suppose 192 = 9*r + 48. Let i = 8 - 0. What is the highest common factor of i and r?
8
Let m(n) = -n**2. Let v(u) = 4*u**2 - u - 17. Let x(q) = 3*m(q) + v(q). Let g be x(6). What is the greatest common divisor of g and 117?
13
Let n(x) = -83 + 0*x - x**3 - 2*x - 9*x**2 + 81. Let k be n(-9). Calculate the highest common factor of 8 and k.
8
Let k(l) = 85*l**2 + 9*l - 8. Let g be k(2). Calculate the highest common factor of g and 40.
10
Let f(k) = -k**3 - 12*k**2 - k - 10. Let r be f(-12). Suppose -w + h + 14 = -2*h, 4*w + r*h = 0. What is the greatest common divisor of 18 and w?
2
Suppose -3*t - v + 124 = 29, 3*t - v = 97. What is the highest common divisor of t and 160?
32
Let z be (6 + -174)*(10/(-4) - -1). Calculate the highest common factor of 45 and z.
9
Suppose l - 6 = 5*s, -l - 9 = -s - 15. Let q be ((-12)/(-10))/(3/10). Calculate the highest common divisor of q and l.
2
Suppose -32 + 4 = -2*w. What is the greatest common divisor of 434 and w?
14
Suppose 567 = 7*m - 105. Suppose 0 = b + b, -4*b - m = -4*l. Calculate the highest common divisor of 36 and l.
12
Let t be 10/(4 + 201/(-54)). Calculate the highest common divisor of 81 and t.
9
Let h(a) = -a**3 - 2*a**2 + 3*a + 3. Let y be h(-2). Let g be (y/5)/((-1)/5). Suppose 2*r - g*r = -23. Calculate the highest common divisor of r and 46.
23
Let g(d) = d**2 - 4*d - 2. Let n be g(7). Let t be (-4)/(-9) - (-14316)/108. Calculate the highest common divisor of t and n.
19
Suppose -n - n = 4*p - 48, -n = 0. Calculate the highest common factor of 258 and p.
6
Let v = 23 - 65. Let u be (24/(-14))/(-5 - 204/v). Calculate the greatest common divisor of 96 and u.
12
Let c(j) = -3*j + 44. Let r be c(13). What is the greatest common divisor of r and 40?
5
Suppose 0*x = 8*x. Suppose 13*y - 8*y - 90 = x. Suppose -z = -0*z - 45. What is the greatest common factor of y and z?
9
Let t = -82 - -131. What is the highest common factor of 343 and t?
49
Let q(s) = s**2 - 4*s - 36. Let w be q(7). Let v be 2 - w/(-3) - -5. Suppose 2*b = 2*n + 16, 0*b + 3*n = b - 16. What is the greatest common divisor of v and b?
2
Let l = 57 - 24. Calculate the highest common factor of l and 77.
11
Let u = -31 + 82. Let l(t) = 4*t**2 - 78*t + 62. Let o be l(20). What is the highest common divisor of u and o?
51
Let u = 21 - -11. Let b be (-3 - (-75)/9)*6. Suppose -2*r + u + b = 0. Calculate the highest common factor of 32 and r.
32
Let h be (18 + -2)*9/36. Suppose -5*s = b - 83, -s - 4 = -2*s + h*b. Calculate the greatest common divisor of 16 and s.
16
Suppose 0 = -5*f - 4*c + 2*c + 70, 3*c - 39 = -2*f. What is the highest common factor of 348 and f?
12
Let m(c) = 2*c**2 - 20*c + 11. Let h be m(10). Calculate the highest common factor of h and 187.
11
Let z be (-2)/(-5) - (-916)/10. Let i(m) = -m + 4. Let j be i(-5). Suppose -j*q + 13*q = z. What is the greatest common factor of 115 and q?
23
Suppose -q + 5*i + 16 = -8, 0 = -4*q + 5*i + 81. What is the highest common divisor of 2 and q?
1
Let f be 10820/150 + 12/(-90). Calculate the greatest common divisor of f and 18.
18
Let a(r) = 386*r**3 - 2*r**2 + 2*r - 1. Let n = 2 - 1. Let c be a(n). Calculate the greatest common divisor of c and 35.
35
Suppose 0 = 2*o - 310 + 302. What is the greatest common factor of 36 and o?
4
Let i = 6688 + -6668. Suppose -5*z + 4*o = 45, 2*z + o = -10 - 8. Let b = z - -17. What is the greatest common divisor of i and b?
4
Let d = -271 + 592. Suppose s + 3*t = d, s = -t - 8 + 323. What is the highest common factor of s and 13?
13
Let a = 19 - 23. Let m be ((-3)/3)/(a/48). What is the highest common divisor of 30 and m?
6
Let t(d) = -53*d + 58. Let x be t(-13). Suppose -9 - x = -4*n. What is the greatest common divisor of 21 and n?
21
Suppose 0 = l + 5*g + 7, 0*l - 4*l - 2*g + 26 = 0. Calculate the highest common factor of 8 and l.
8
Let j(x) = -x**2 - 21*x - 10. Let l be j(-18). Let y = l - 5. What is the highest common divisor of y and 26?
13
Suppose 105 = 3*q + 96. Calculate the greatest common divisor of 15 and q.
3
Let f(m) = -153*m + 31. Let p be f(-6). What is the greatest common divisor of p and 13?
13
Let c be 3*8 - (-2)/2. Suppose 6*x - 10*x = 2*u - 14, 18 = 4*u - 2*x. What is the greatest common divisor of c and u?
5
Let b be (-24 + 23)/(2/82). Let d = b + 77. Calculate the highest common divisor of d and 24.
12
Let h = 0 + 13. Let o(f) = 9 - 10 - f + 6 + 10. Let m be o(h). What is the highest common factor of 1 and m?
1
Let k be (-1)/(3*5/(-1080)). Let f = k + -59. Calculate the highest common divisor of 208 and f.
13
Suppose -2*c = -6*c + 296. Suppose 4*m + 6 + c = 0. Let y be (-12)/m - 37/(-5). Calculate the highest common factor of y and 88.
8
Let a(q) = 27*q + 543. Let u be a(-14). Suppose -r + 30 = r. What is the highest common factor of u and r?
15
Suppose -33*y = -17*y - 640. Calculate the highest common divisor of 296 and y.
8
Suppose -6964 = -4*z - 4*w, -76 = -2*z - w + 3407. What is the highest common divisor of z and 268?
134
Let f be ((-9)/6)/(-1)*44. Let u(w) = -w**2 + 40*w + 287. Let p be u(46). What is the highest common divisor of f and p?
11
Let m be (48 - 52) + (-4 + 2 - -7). Let u = 14 + -6. Calculate the greatest common divisor of u and m.
1
Suppose 126 - 45 = 9*q. What is the highest common factor of 333 and q?
9
Let m = -1015 + 2348. Calculate the highest common divisor of 129 and m.
43
Let t be (6/(-4))/((-15)/2000). What is the greatest common divisor of t and 360?
40
Let s(n) be the third derivative of -n**6/120 + 7*n**5/20 + n**4/24 + 9*n**3/2 - 37*n**2. Let i be s(21). What is the greatest common factor of 24 and i?
24
Let z(b) = -3*b + 337. Let n be z(45). What is the greatest common factor of n and 2?
2
Suppose 2*f = -39 + 1. Let h = 58 + f. Calculate the highest common factor of h and 26.
13
Suppose 40 = 4*x - 2*w, 3*w - 2 = -2*x + 2. Calculate the highest common factor of 232 and x.
8
Let r = -233 - -651. What is the greatest common factor of 110 and r?
22
Suppose 8*s + 87 = 31. Let r(v) = v**3 + 9*v**2 + 8*v - 7. Let q be r(s). What is the highest common divisor of 35 and q?
35
Let g be (((-8)/6)/(-1))/((-22)/(-1386)). Calculate the highest common factor of 126 and g.
42
Let x(t) = -3*t**3 + t + 2. Suppose b + 7 = 6. Let u be x(b). Suppose 4*d - u = 2*d. What is the greatest common factor of d and 10?
2
Let x = -67 - -77. Calculate the greatest common divisor of 22 and x.
2
Let o(y) = y**2 + 45*y - 576. Let b be o(-57). What is the greatest common factor of 28 and b?
4
Suppose -40*d - 825 = -45*d. Calculate the greatest common factor of d and 275.
55
Let p be (-6 - (-145 + -2)) + 6/2. Calculate the highest common factor of p and 192.
48
Let r be (-3 - 5/(-2))*-6. Let w be -1 - r/(2/2). Let d be w/18 - 1030/(-18). Calculate the greatest common factor of 19 and d.
19
Let o(z) = 10*z + 2*z + 19*z**3 - 13*z**2 + 12 - 18*z**3. Let j be o(12). Calculate the greatest common factor of j and 132.
12
Let s(g) = -4*g**3 + 4*g**3 + 7*g**3. Let a be s(1). Suppose -10*u + 264 = -a*u. What is the greatest common divisor of u and 8?
8
Suppose 0*i + 2*i = 734. Suppose -4*r = 2*b + b - 533, -5*r = 2*b - i. Let p = 30 + -11. Calculate the greatest common divisor of p 